4.
2, 11, 631, 3967
What are the prime factors of 2740049?
13, 210773
List the prime factors of 6029705995.
5, 31, 38901329
What are the prime factors of 4088185481?
31, 41, 3216511
What are the prime factors of 36339149?
7, 11, 17, 23, 71
List the prime factors of 2159357670.
2, 3, 5, 7997621
List the prime factors of 797226980.
2, 5, 11, 757, 4787
List the prime factors of 80410239.
3, 7, 13, 10909
What are the prime factors of 8150047846?
2, 4075023923
What are the prime factors of 55007020?
2, 5, 31, 88721
What are the prime factors of 1498273308?
2, 3, 7, 17, 116579
List the prime factors of 41805856.
2, 17, 31, 37, 67
List the prime factors of 154157361.
3, 79, 107, 6079
List the prime factors of 712305150.
2, 3, 5, 1033, 4597
List the prime factors of 699886366.
2, 23, 15214921
What are the prime factors of 25278203?
163, 155081
List the prime factors of 69255432.
2, 3, 320627
List the prime factors of 95306524.
2, 31, 37, 20773
What are the prime factors of 16083409?
16083409
What are the prime factors of 47975754?
2, 3, 37, 216107
What are the prime factors of 21874659?
3, 37, 43, 4583
List the prime factors of 75161473.
19, 53, 101, 739
What are the prime factors of 337034946?
2, 3, 43, 83, 15739
What are the prime factors of 298185613?
11, 27107783
List the prime factors of 30089548.
2, 7522387
List the prime factors of 230182742.
2, 137, 840083
What are the prime factors of 162646616?
2, 11, 17, 23, 29, 163
List the prime factors of 5269155567.
3, 13, 135106553
List the prime factors of 598084471.
83, 563, 12799
List the prime factors of 916808088.
2, 3, 7, 29, 188179
List the prime factors of 224664804.
2, 3, 7, 13, 97, 101
What are the prime factors of 1498817588?
2, 374704397
What are the prime factors of 3918469353?
3, 139, 9396809
List the prime factors of 611310965.
5, 122262193
What are the prime factors of 26168999?
101, 259099
List the prime factors of 120619483.
5021, 24023
What are the prime factors of 695721579?
3, 7, 41, 808039
List the prime factors of 20657951.
37, 347, 1609
List the prime factors of 258531894.
2, 3, 383, 37501
What are the prime factors of 4703356695?
3, 5, 761, 412033
List the prime factors of 1755811044.
2, 3, 13, 3751733
List the prime factors of 1527614776.
2, 31, 2207, 2791
List the prime factors of 100118708.
2, 25029677
List the prime factors of 234736246.
2, 3847, 30509
List the prime factors of 8332906564.
2, 2083226641
What are the prime factors of 31750388?
2, 7937597
List the prime factors of 1667208962.
2, 7307, 114083
List the prime factors of 566496621.
3, 62944069
List the prime factors of 145412285.
5, 59, 199, 2477
What are the prime factors of 24115617?
3, 19, 29, 1621
What are the prime factors of 2098670209?
31, 67699039
What are the prime factors of 1313040110?
2, 5, 269, 488119
List the prime factors of 2314326541.
89, 26003669
List the prime factors of 52314105.
3, 5, 3487607
List the prime factors of 1798109159.
7, 11, 17, 80803
List the prime factors of 1032909067.
9209, 112163
List the prime factors of 72020756.
2, 18005189
What are the prime factors of 1449037356?
2, 3, 13, 19, 488879
What are the prime factors of 721796913?
3, 1523, 5851
List the prime factors of 72786235.
5, 59, 251, 983
List the prime factors of 185480005.
5, 89, 97, 4297
What are the prime factors of 119542320?
2, 3, 5, 166031
What are the prime factors of 164349833?
8501, 19333
What are the prime factors of 65494228?
2, 16373557
List the prime factors of 119209077.
3, 13, 113209
What are the prime factors of 81390894?
2, 3, 13, 139, 7507
List the prime factors of 135491064.
2, 3, 149, 37889
List the prime factors of 1275777447.
3, 7, 47, 157, 8233
What are the prime factors of 76795455?
3, 5, 11, 257, 1811
What are the prime factors of 167785112?
2, 11, 47, 113, 359
List the prime factors of 3152269961.
2179, 1446659
What are the prime factors of 12816089?
11, 13, 19, 53, 89
What are the prime factors of 147628005?
3, 5, 7, 19, 73999
What are the prime factors of 135694546?
2, 13, 47, 111043
List the prime factors of 521424.
2, 3, 17, 71
List the prime factors of 4201306622.
2, 2100653311
List the prime factors of 40712103.
3, 4523567
List the prime factors of 1204456152.
2, 3, 113, 444121
List the prime factors of 41445977.
23, 31, 58129
What are the prime factors of 918751332?
2, 3, 17, 4503683
List the prime factors of 664847654.
2, 332423827
List the prime factors of 34508826.
2, 3, 11, 19, 9173
List the prime factors of 39967368.
2, 3, 7, 237901
List the prime factors of 1755237.
3, 11, 53189
What are the prime factors of 599850351?
3, 6113, 10903
List the prime factors of 1045617352.
2, 13, 23, 31, 59, 239
List the prime factors of 79952387.
79952387
What are the prime factors of 235436176?
2, 53, 277637
What are the prime factors of 521117995?
5, 41, 53, 47963
List the prime factors of 49919213.
19, 239, 10993
List the prime factors of 650253934.
2, 11, 29556997
List the prime factors of 24489254.
2, 2309, 5303
What are the prime factors of 1227281185?
5, 13, 349, 54101
List the prime factors of 1798433554.
2, 331, 941, 2887
What are the prime factors of 491884226?
2, 245942113
What are the prime factors of 757237583?
757237583
What are the prime factors of 1408712492?
2, 11, 907, 3209
What are the prime factors of 34199951?
37, 924323
What are the prime factors of 1548917572?
2, 387229393
What are the prime factors of 181882695?
3, 5, 3407, 3559
What are the prime factors of 643225428?
2, 3, 89, 66919
What are the prime factors of 38610169?
13, 23, 139, 929
List the prime factors of 2893234329.
3, 19, 29, 439, 443
What are the prime factors of 66488549?
66488549
List the prime factors of 202025360.
2, 5, 397, 6361
List the prime factors of 956805495.
3, 5, 311, 205103
What are the prime factors of 6646316?
2, 61, 27239
List the prime factors of 4965548.
2, 7, 37, 4793
What are the prime factors of 278910663?
3, 907, 102503
List the prime factors of 7983551636.
2, 29, 3253, 21157
List the prime factors of 5299568501.
5299568501
What are the prime factors of 56547653?
56547653
What are the prime factors of 469348141?
469348141
What are the prime factors of 1814508296?
2, 269, 843173
List the prime factors of 5963136.
2, 3, 53, 293
List the prime factors of 4611189742.
2, 619, 3724709
What are the prime factors of 61152512?
2, 238877
What are the prime factors of 23869596?
2, 3, 1989133
List the prime factors of 5917607798.
2, 19, 43, 269, 13463
What are the prime factors of 488751545?
5, 43, 929, 2447
List the prime factors of 32925702.
2, 3, 17, 43, 7507
What are the prime factors of 2163978?
2, 3, 23, 5227
List the prime factors of 3869125079.
43, 397, 226649
What are the prime factors of 71902590?
2, 3, 5, 421, 5693
List the prime factors of 195123405.
3, 5, 1051, 12377
List the prime factors of 116131094.
2, 23, 173, 14593
What are the prime factors of 17525004?
2, 3, 7, 208631
What are the prime factors of 1020303994?
2, 17, 30008941
List the prime factors of 1972022118.
2, 3, 11, 4649, 6427
What are the prime factors of 978259267?
373, 2622679
List the prime factors of 165112403.
165112403
List the prime factors of 80495863.
7, 11499409
List the prime factors of 1138899623.
1138899623
What are the prime factors of 67120773?
3, 71, 181, 1741
List the prime factors of 687297212.
2, 7, 673, 36473
List the prime factors of 48228146.
2, 83, 290531
List the prime factors of 2709245650.
2, 5, 499, 108587
What are the prime factors of 38761256?
2, 23, 210659
List the prime factors of 120033676.
2, 7, 47, 197, 463
What are the prime factors of 448465852?
2, 112116463
What are the prime factors of 38545818?
2, 3, 1009, 6367
What are the prime factors of 908126109?
3, 11, 19, 482789
List the prime factors of 75899208.
2, 3, 7, 11, 67, 613
What are the prime factors of 1422166220?
2, 5, 71108311
What are the prime factors of 31204002?
2, 3, 5200667
What are the prime factors of 3769812?
2, 3, 104717
What are the prime factors of 1839444185?
5, 157, 2343241
What are the prime factors of 52195205?
5, 10439041
List the prime factors of 765829295.
5, 7, 11, 19, 104693
List the prime factors of 3684566109.
3, 7, 175455529
What are the prime factors of 2326702076?
2, 17, 19, 1800853
List the prime fac